n - 2. Let x be h(2). What is the highest common divisor of 12 and x?
12
Let j(b) = b - 12 - 2*b**3 - 3*b**2 + 12. Let o be j(-3). Calculate the highest common divisor of 264 and o.
24
Let b be (-6 - 2)/((-1)/2). What is the highest common factor of b and 144?
16
Suppose -57 = -5*z - 2*k + 7, -4*z - k = -53. Let d = 21 + 10. Let x be (-21)/(2 + d/(-14)). What is the highest common divisor of x and z?
14
Let v = 18 + -11. Suppose 2*n + 60 = v*n. Let q be 122/10 + (-1)/5. Calculate the greatest common divisor of n and q.
12
Let z = -15 + 1. Let i be z/7 - (-120 - -1). What is the greatest common divisor of 13 and i?
13
Let b be (-1 + (-36)/(-8))*48. Let v be (1/2)/(2/84). Calculate the greatest common factor of v and b.
21
Let a(p) = -2*p. Let t(j) = -12*j - 2. Let n(y) = 10*a(y) - 2*t(y). Let u be n(4). What is the greatest common factor of u and 20?
20
Suppose 0 = j + 3*c + 7, 2*j - 10 + 4 = -c. Let m = 53 - 28. What is the highest common factor of j and m?
5
Let d(l) = -l**2 - l + 144. Let p = -13 - -13. Let y be d(p). What is the greatest common divisor of 18 and y?
18
Let r be 1/3 + (-10)/(-6). Suppose 3*z = r*z - 2. Let q be ((-42)/(-15))/(z/(-10)). Calculate the greatest common factor of q and 35.
7
Let p = -291 + 443. What is the greatest common divisor of 19 and p?
19
Suppose -3 = -3*q - 6. Let m be (q - -3)*21/6. What is the highest common factor of 21 and m?
7
Let y = 70 - 54. Calculate the highest common divisor of 8 and y.
8
Let d be (3 + 3)*52/3. Calculate the greatest common factor of d and 13.
13
Let t = 104 + -60. Calculate the greatest common factor of t and 11.
11
Let a be 3/18 - (5 - 5185/30). Calculate the greatest common divisor of 21 and a.
21
Let y = 39 - 26. Let a be (-534)/(-27) - (-2)/9. Suppose 0 = 4*z + 20, -5*q = -2*z - a - 120. What is the greatest common factor of y and q?
13
Let j be -8*1*(-3)/6. Let k = 8 + j. What is the highest common divisor of k and 8?
4
Let f(q) = 3 + 4 - 5 + 2 - 5*q. Let d be f(-2). Calculate the highest common divisor of 56 and d.
14
Suppose -28 = -5*o + 4*m - 3, -m - 5 = 0. Let n(s) = -s + 7. Let t be n(0). Let k be 0/(-2) + t + -4. What is the highest common factor of k and o?
1
Let b = -7 + 13. Calculate the highest common factor of 12 and b.
6
Let n be (-9)/12 + (-4578)/(-24). Calculate the greatest common factor of n and 19.
19
Let c = 24 - 16. Let x be 41 + -2 - (c - 5). Calculate the highest common divisor of 12 and x.
12
Let f be 42/4 + (2 - (-1)/(-2)). Let u(c) = -9*c - 6. Let h be u(-6). Calculate the highest common factor of h and f.
12
Let d(o) = 2*o**3 - 2*o**2 - 4*o + 5. Let s be d(2). What is the greatest common divisor of s and 5?
5
Let v(o) = 8*o + 11. Let u be v(11). Calculate the greatest common factor of 9 and u.
9
Suppose -p - h + 302 = 0, 2*h - 1618 + 114 = -5*p. Suppose -5*x + 10*x = p. What is the greatest common divisor of x and 10?
10
Let f = 7 - 2. Suppose f*i = 10, -4*i + 17 + 6 = 3*h. Suppose h*x + 5*o - 95 = 0, x + 2*o + 37 = 4*x. What is the highest common divisor of x and 75?
15
Suppose -5*f + 341 = -4. Suppose -3*r + t + 44 = -203, -t - 85 = -r. Suppose -5*k + 34 = -r. Calculate the highest common factor of f and k.
23
Suppose 0*g = -3*g + 36. What is the highest common factor of g and 108?
12
Let o = -2 - -2. Let t be o + 2/(-1) - -56. Suppose 6*h = 3*h + 18. What is the highest common factor of h and t?
6
Suppose -3*p + 78 = -2*t, -3*t - 99 + 18 = -3*p. Calculate the greatest common factor of 32 and p.
8
Let h be (1/1)/((-3)/(-66)). What is the highest common divisor of h and 2?
2
Let u(o) = -o**3 + 8*o**2 + 2. Let r be u(8). Suppose -r*j = 2*j - 36. Calculate the highest common divisor of 45 and j.
9
Let t(v) = -3*v - 8. Let s be t(-6). Suppose 3*p + 38 = -s. Let h be (-3)/(3/p) + -1. What is the greatest common divisor of h and 6?
3
Let f = 5 - -1. What is the greatest common divisor of 3 and f?
3
Suppose 5*s + 440 = r + 4*r, 2*s = -4*r + 340. Let k = r + -53. What is the highest common factor of k and 22?
11
Suppose -2*t + 50 = -7*t. Let o = t - -23. Calculate the greatest common divisor of o and 13.
13
Let s = -8 + 15. Suppose s*m = 4*m + 135. What is the greatest common divisor of 15 and m?
15
Let l be ((-8)/(-14))/(2/7). Suppose 5*y - 70 = n - l*n, 2*n - 80 = 2*y. What is the greatest common factor of 15 and n?
15
Suppose 0 = t + 7*t - 48. What is the highest common divisor of t and 18?
6
Let i = 101 + -65. Let f be (24/(-16))/(2/(-4)). Suppose 0 = -z + f*z - 108. What is the highest common divisor of i and z?
18
Let n(a) = a + 324. Let l be n(0). Suppose 0 = 2*h + 4, -2*u + 2*h - l = -6*u. Let r = u + -47. Calculate the highest common factor of 5 and r.
5
Suppose 5*m - 124 = -3*t, 119 = 2*t + t + 4*m. What is the greatest common divisor of t and 22?
11
Suppose 0 = -x + 4. Calculate the greatest common divisor of x and 28.
4
Suppose -2*s + 4*o = 3*s - 116, o = -4*s + 76. Let b(l) = 2*l**2 - 2*l + 6. Let v be b(4). What is the greatest common divisor of v and s?
10
Let f be 114/6*(-1 - -2). Let s = -1 - -1. Let i be (-152)/(-6)*(s + 6). Calculate the highest common divisor of i and f.
19
Let x(f) = 14*f + 10. Let o be x(4). Calculate the highest common divisor of 6 and o.
6
Suppose 0 + 8 = 4*v. Let t(i) = 3*i**2 - 3*i. Let x be t(v). Calculate the greatest common factor of x and 6.
6
Let h be (-2)/(-7) + 2232/28. Suppose 8 = -v - v, 5*v - 20 = -g. Suppose 0 = 2*b - c - g, -4*c = b - 0*c - 20. Calculate the highest common divisor of h and b.
20
Let a(o) = -68*o - 1. Let l be a(-2). Let y = -89 - -104. What is the greatest common divisor of l and y?
15
Let w(z) = -z**3 - z**2 + 5*z + 8. Let u be w(-4). What is the highest common factor of u and 18?
18
Suppose w + 3*w + 4*k = 0, -4*w + 32 = -4*k. Suppose 0 = 5*b - w*b - 21. Let a = b + -10. What is the greatest common divisor of 22 and a?
11
Let k(p) = -3 + 4*p - 5*p + 2*p. Let l be ((-4)/(-6) + 2)*3. Let x be k(l). What is the greatest common factor of 20 and x?
5
Suppose 4*u - 4 = 20. Calculate the greatest common divisor of 2 and u.
2
Let r be (-6)/(-3) + 20/2. Let h = r - 0. What is the greatest common factor of 48 and h?
12
Suppose -2*g - 144 = -10*g. What is the greatest common factor of g and 162?
18
Let j(s) = 6*s + 3. Let f be j(-5). Let i = -17 - f. What is the greatest common divisor of 5 and i?
5
Let i(b) = 4*b - 4. Let r be i(2). Suppose 2*t - w + 0*w - 9 = 0, -r*t - w = -33. Let j = 6 + 22. Calculate the highest common divisor of t and j.
7
Let i(f) = f**2 + 4*f + 10. Let u be i(-4). Suppose -2*t - 5 = -3*t. What is the greatest common divisor of t and u?
5
Let j(w) = -10*w - 10. Let z be j(-5). Suppose n - 3*n = -z. Calculate the highest common divisor of n and 4.
4
Let h be ((-3)/2 - -1)*-6. Suppose h*l = 4*l - 14. Let j be (-30)/(-4) - 4/8. What is the highest common divisor of j and l?
7
Let d(s) = 8*s**2 + 7*s + 4. Let a be d(-4). Calculate the greatest common divisor of 13 and a.
13
Let n be 2/3*(1 - -59). Suppose 52 = 3*x - 2*j, 2*x - 1 = -j + 29. Calculate the highest common factor of x and n.
8
Let k(o) = -o + 12. Let c be k(11). Suppose -2*r - i = i - 12, 2*r + 4*i = 14. Calculate the highest common factor of c and r.
1
Let q(k) = 8*k - 5. Let j(y) = 9*y - 6. Let u(n) = -4*j(n) + 5*q(n). Let d be u(3). Suppose 6*s = 2*s + 308. What is the highest common factor of s and d?
11
Let s = 14 - 2. Let b = 42 + s. Calculate the greatest common factor of 36 and b.
18
Let p = 29 - 5. Let o = p + 1. What is the highest common divisor of 5 and o?
5
Let j = 1 + -1. Let b(v) = -v**3 - v**2 + v + 11. Let i be b(j). Suppose -10*r + 273 + 57 = 0. What is the greatest common factor of r and i?
11
Suppose 290 = 2*a - 4*n, -2*a - 4*n + 256 - 6 = 0. Calculate the highest common divisor of 5 and a.
5
Suppose -2*o = d - 74 - 45, 5*d - 2*o = 631. Suppose -h = -5*h + 100. What is the greatest common factor of h and d?
25
Let w(t) = -t**3 + 6*t**2 + t - 3. Let s be w(6). Suppose 4*i - 50 = -2*u, 0*u - 4*u - 5*i = -85. What is the greatest common factor of u and s?
3
Let i(a) = 4*a - 38. Let v be i(14). Calculate the greatest common factor of 9 and v.
9
Suppose u + 4*a - 2*a - 8 = 0, -3*a = -4*u - 12. Let t = u - -2. Suppose -p - r + 9 = -2, -r = 5*p - 67. What is the greatest common divisor of t and